isor of 84 and 168?
84
Calculate the highest common factor of 1664 and 52.
52
What is the greatest common divisor of 75 and 100?
25
Calculate the greatest common factor of 14 and 18.
2
Calculate the greatest common factor of 29 and 1537.
29
Calculate the highest common factor of 65 and 169.
13
Calculate the highest common factor of 7 and 7.
7
Calculate the greatest common divisor of 2378 and 348.
58
Calculate the greatest common factor of 7 and 280.
7
What is the highest common factor of 16 and 600?
8
What is the highest common factor of 146 and 8?
2
Calculate the greatest common divisor of 106 and 159.
53
Calculate the greatest common factor of 380 and 228.
76
What is the greatest common divisor of 245 and 49?
49
What is the greatest common divisor of 2556 and 81?
9
What is the highest common factor of 15 and 15?
15
Calculate the highest common factor of 6 and 30.
6
What is the highest common factor of 930 and 30?
30
Calculate the greatest common divisor of 738 and 18.
18
What is the highest common factor of 4495 and 290?
145
Calculate the greatest common factor of 56 and 32.
8
Calculate the greatest common factor of 90 and 117.
9
What is the greatest common factor of 1334 and 29?
29
Calculate the highest common divisor of 12 and 1560.
12
What is the highest common factor of 99 and 66?
33
What is the highest common divisor of 13 and 2041?
13
What is the greatest common factor of 486 and 2376?
54
Calculate the greatest common divisor of 448 and 14.
14
What is the highest common divisor of 166 and 66068?
166
What is the highest common divisor of 34 and 238?
34
What is the greatest common factor of 324 and 60?
12
What is the greatest common divisor of 205 and 246?
41
Calculate the highest common divisor of 91 and 7.
7
Calculate the greatest common factor of 75 and 2000.
25
What is the highest common divisor of 2 and 262?
2
What is the greatest common factor of 1440 and 7440?
240
Calculate the greatest common divisor of 8 and 64.
8
Calculate the highest common factor of 35329 and 206.
103
Calculate the greatest common factor of 3 and 13.
1
What is the greatest common divisor of 7453 and 29?
29
Calculate the highest common divisor of 99 and 11.
11
Calculate the highest common factor of 165 and 14190.
165
What is the highest common divisor of 12 and 147?
3
What is the highest common factor of 11135 and 51?
17
Calculate the highest common divisor of 2209 and 47.
47
Calculate the highest common factor of 22 and 30074.
22
What is the highest common factor of 465 and 40?
5
Calculate the highest common divisor of 8 and 20848.
8
What is the greatest common factor of 2924 and 136?
68
Calculate the greatest common divisor of 4266 and 162.
54
What is the highest common divisor of 72 and 90?
18
What is the greatest common factor of 440 and 8965?
55
Calculate the greatest common factor of 600 and 168.
24
What is the greatest common divisor of 841 and 232?
29
Calculate the greatest common factor of 35277 and 33.
33
Calculate the highest common factor of 48 and 648.
24
What is the highest common divisor of 38 and 95?
19
Calculate the greatest common divisor of 70 and 49.
7
What is the highest common factor of 45 and 171?
9
What is the highest common divisor of 56 and 232?
8
Calculate the highest common factor of 117 and 26.
13
Calculate the highest common factor of 24 and 1208.
8
Calculate the highest common factor of 84 and 278.
2
What is the greatest common divisor of 50 and 2?
2
Calculate the highest common factor of 134 and 1139.
67
Calculate the highest common divisor of 2085 and 45.
15
What is the highest common factor of 208 and 13?
13
Calculate the greatest common factor of 32 and 288.
32
What is the greatest common factor of 13 and 26?
13
What is the greatest common factor of 279 and 9?
9
Calculate the greatest common factor of 66 and 638.
22
What is the greatest common divisor of 1694 and 770?
154
Calculate the highest common divisor of 37 and 1073.
37
Calculate the greatest common divisor of 31 and 3286.
31
What is the greatest common factor of 192 and 2816?
64
Calculate the greatest common factor of 1400 and 112.
56
Calculate the greatest common divisor of 1696 and 64.
32
Calculate the greatest common divisor of 1909 and 23.
23
Calculate the greatest common factor of 441 and 315.
63
Calculate the greatest common divisor of 68 and 119.
17
What is the greatest common divisor of 292 and 3066?
146
What is the greatest common factor of 396 and 88?
44
What is the greatest common factor of 1163 and 2?
1
Calculate the highest common factor of 10 and 1255.
5
What is the greatest common divisor of 17 and 544?
17
Calculate the greatest common divisor of 4389 and 231.
231
Calculate the highest common factor of 216 and 48.
24
Calculate the greatest common factor of 14 and 511.
7
Calculate the greatest common factor of 6530 and 10.
10
Calculate the highest common factor of 1056 and 1738.
22
Calculate the highest common divisor of 9074 and 234.
26
Calculate the greatest common divisor of 54 and 675.
27
What is the highest common factor of 21 and 28?
7
Calculate the highest common factor of 128 and 80.
16
What is the greatest common factor of 384 and 6?
6
What is the highest common divisor of 8 and 72?
8
What is the greatest common divisor of 2090 and 770?
110
What is the greatest common factor of 5715 and 45?
45
What is the greatest common factor of 2056 and 8?
8
Calculate the highest common divisor of 405 and 108.
27
What is the greatest common divisor of 320 and 60?
20
What is the highest common factor of 371 and 63?
7
Calculate the highest common divisor of 72 and 4.
4
What is the greatest common divisor of 1434 and 6?
6
What is the greatest common factor of 50 and 2320?
10
What is the greatest common divisor of 1593 and 885?
177
What is the greatest common factor of 11382 and 42?
42
Calculate the highest common factor of 3 and 33.
3
Calculate the highest common factor of 441 and 1593.
9
Calculate the highest common factor of 3154 and 249.
83
What is the highest common divisor of 480 and 15?
15
Calculate the highest common factor of 62 and 17670.
62
What is the greatest common divisor of 187 and 136?
17
What is the greatest common divisor of 16 and 16?
16
What is the highest common divisor of 182 and 104?
26
Calculate the greatest common factor of 8483 and 17.
17
What is the highest common factor of 201 and 3?
3
Calculate the highest common factor of 600 and 3915.
15
What is the greatest common factor of 494 and 57?
19
Calculate the highest common factor of 37 and 2294.
37
Calculate the greatest common divisor of 742 and 280.
14
Calculate the highest common divisor of 36 and 23796.
36
Calculate the highest common divisor of 14 and 4354.
14
Calculate the highest common factor of 52 and 164.
4
Calculate the greatest common divisor of 2013 and 165.
33
Calculate the highest common factor of 945 and 63.
63
Calculate the greatest common divisor of 847 and 11.
11
What is the highest common divisor of 135 and 297?
27
What is the highest common divisor of 2961 and 21?
21
Calculate the greatest common factor of 429 and 14729.
143
What is the highest common divisor of 7571 and 226?
113
Calculate the highest common divisor of 256 and 80.
16
What is the greatest common divisor of 1419 and 231?
33
What is the highest common factor of 200 and 125?
25
Calculate the highest common factor of 20 and 63260.
20
What is the highest common factor of 690 and 480?
30
Calculate the greatest common divisor of 147 and 245.
49
What is the highest common divisor of 8 and 2?
2
Calculate the greatest common divisor of 1544 and 2123.
193
What is the greatest common divisor of 437 and 57?
19
Calculate the highest common divisor of 135 and 3015.
45
Calculate the greatest common factor of 7 and 3486.
7
What is the highest common divisor of 135 and 360?
45
Calculate the highest common divisor of 1088 and 320.
64
Calculate the highest common divisor of 330 and 3894.
66
Calculate the greatest common divisor of 13 and 689.
13
What is the greatest common divisor of 1188 and 36?
36
What is the greatest common divisor of 30550 and 47?
47
Calculate the greatest common divisor of 636 and 24.
12
Calculate the highest common factor of 58 and 1334.
58
Calculate the greatest common factor of 96 and 1504.